e -2*m = 3*o - 25, 0*m - 3*m + 10 = 2*o. Calculate the remainder when o is divided by 6.
5
Let p = -8 - -11. Suppose 0*w - 12 = p*w. Calculate the remainder when 423/6*w/(-6) is divided by 16.
15
Suppose 3*v + 2*f - 8 = 0, -f = -5*f + 4. Calculate the remainder when (1/v)/((-8)/(-368)) is divided by 8.
7
Let b be (3/2)/(3/6). Suppose b*l = -2*l - 30. Let n = l + 13. What is the remainder when 13 is divided by n?
6
What is the remainder when 10 is divided by 2/10 - (-168)/35?
0
Calculate the remainder when 22 is divided by -27 + 39 - (0 - (0 - 0)).
10
Let c = 10 - -14. Calculate the remainder when c is divided by 9.
6
Let q = 104 - 38. What is the remainder when q is divided by 23?
20
Calculate the remainder when 65 + -13 - (-2)/2 is divided by 9.
8
Calculate the remainder when 22 is divided by ((-52)/6)/(4/(-6)).
9
Let f = 6 - 2. Suppose -f*l + 1 = -15. Suppose 4*i = -5*y + 8, 5*i - y - 10 = y. What is the remainder when l is divided by i?
0
Suppose 4 = -5*f + 24. Let k(i) = i + 13. Let b be k(-10). Calculate the remainder when 0 - (1*-4 - b) is divided by f.
3
Let r = 45 + -39. What is the remainder when 34 is divided by r?
4
Let v(p) be the second derivative of 5*p**3/6 + 5*p**2/2 + 5*p. Calculate the remainder when 73 is divided by v(4).
23
Let s = 88 + -51. Let w = s + -22. Calculate the remainder when 44 is divided by w.
14
Suppose 3*z + 40 = y - 18, 4*y - 3*z - 196 = 0. Calculate the remainder when y is divided by 20.
6
Let b = -6 + 10. Suppose -2*y + 20 = 3*v, b*v - 11 = 2*v + y. Calculate the remainder when 41 is divided by (15/(-10))/(v/(-56)).
13
Suppose 2*s = -3 + 13. Suppose 5*t = -2*l + 196, 3*t - 56 - 60 = -2*l. Suppose 5 + t = s*z. Calculate the remainder when 25 is divided by z.
7
Let n be 0/(-1*(0 + -1)). Let m = n + 3. Let a = 17 + -12. What is the remainder when a is divided by m?
2
Let a(k) = -k**2 - 8*k + 10. Let h be a(-7). Suppose -5*g = 4*f - 11, -2*f + h + 6 = -g. What is the remainder when 33 is divided by f?
6
Let z(a) = -a. What is the remainder when ((-10)/5)/((-10)/15) is divided by z(-3)?
0
Suppose -59 = -3*c + 76. Suppose -8*z + c = -3*z. Let m = 54 + -29. Calculate the remainder when m is divided by z.
7
Let c(a) = -4*a + 5*a**2 - 3 - a**2 - a**2. Suppose -4*g = -2*g + z - 98, 0 = 4*g - 2*z - 204. Calculate the remainder when g is divided by c(-2).
16
Let x = -2 + 18. Suppose -5*u = -14 - x. Let v(w) = w**2. Calculate the remainder when v(-4) is divided by u.
4
Let v = -84 + 133. What is the remainder when v is divided by 26?
23
Let g = 1 + -3. Let v(l) = 18*l - 7*l - 1 + 3*l**2 - 9*l. What is the remainder when 12 is divided by v(g)?
5
Let m = 118 + -32. What is the remainder when m is divided by 29?
28
Let r(j) = -5*j - 4. Suppose -3*t + 32 + 64 = 0. Calculate the remainder when t is divided by r(-3).
10
Suppose 0 = 2*i - 5*d - 156, -i + 4*d = -0*d - 72. What is the remainder when i is divided by 18?
16
Suppose 53*m = 49*m + 200. Suppose -71 = -5*z + 59. What is the remainder when m is divided by z?
24
Suppose -165 = -5*l + 4*m, 24 = -3*m + 9. Calculate the remainder when l is divided by 10.
9
Suppose 0*b + 18 = b. Calculate the remainder when 33 is divided by b.
15
Suppose -7*h = -4*h - 30. What is the remainder when 17 is divided by h?
7
Let y(g) = 15*g**2 + 2*g + 2. Suppose -2*j - 43 = -5*i - 17, 5*j - 16 = -i. Suppose 2*a + a + i = 0. What is the remainder when y(a) is divided by 20?
18
Calculate the remainder when 42 is divided by (-1 - -3)*7 - 3.
9
Let h = -2 + 4. Suppose 0 = -h*b - 3*b + 130. What is the remainder when 49 is divided by b?
23
Suppose -5*t = 3*c - 53, 5 = 3*t + 2. Calculate the remainder when 79 is divided by c.
15
Let h(t) = t**3 - 17*t**2 - 2*t + 43. What is the remainder when 34 is divided by h(17)?
7
Calculate the remainder when (-62)/(-5)*(-130)/(-52) is divided by 8.
7
Suppose 85 = 4*r + 3*a, -2*r + 2*a + 46 = -0*a. What is the remainder when r is divided by 8?
6
Let d(n) = 2*n**2 + n + 1. Let v(l) = -l - 3. Let f be v(-4). What is the remainder when 11 is divided by d(f)?
3
Let g(c) = -c**2 + 4*c + 5. Let z be g(5). Let n be 4/(-2) + z + 1. Calculate the remainder when n/(-3 + 258/87) is divided by 15.
14
What is the remainder when (-4)/24*4 + (-274)/(-6) is divided by 16?
13
Let m(p) = 10*p + 1. Calculate the remainder when ((-39)/6)/((-21)/126) is divided by m(2).
18
Suppose -2*s + s = -3. Calculate the remainder when 11/3*6*s is divided by 17.
15
Suppose -6*o + 62 = 4*v - o, 3*v = -4*o + 46. Let i = 20 - v. What is the remainder when 6 is divided by i?
0
Suppose 4*n - 71 = -3*l, -2*l - 3*l = n - 39. Let f = -9 + 35. Calculate the remainder when f is divided by n.
12
Let r be 3/((-1)/1)*-14. Suppose 0 = -x - 0*x + r. Calculate the remainder when 3162/x + 4/(-14) is divided by 19.
18
Suppose 5*o - 13 = -3*i, 4*o + 4*i = -0*i + 12. Let d(c) = 0 + c + 1 + 15*c**o - 2. What is the remainder when 57 is divided by d(1)?
12
Let d = 5 - -1. Let p(a) = -3*a**3 - 9*a**2 - 6*a + 3. What is the remainder when p(-3) is divided by d?
3
Suppose 3*f = 2 + 1. Let p be (-1 - (5 - 2)) + f. Calculate the remainder when (0 - 2) + (28 - p) is divided by 10.
9
Suppose 0 = 13*t - 6*t - 434. Calculate the remainder when t is divided by 17.
11
Calculate the remainder when (-5)/(-30) - (-275)/6 is divided by (-364)/(-30) + (-4)/30.
10
Suppose -2*b = -j - 42, -4*j = -5*b + 3*b + 30. What is the remainder when b is divided by 13?
10
Let v = -75 + 146. Suppose 3*b = 139 + v. Suppose r - b = -4*r. What is the remainder when 40 is divided by r?
12
Suppose 0 = -2*j + j + 12. What is the remainder when 59 is divided by j?
11
Let f = -27 - -30. What is the remainder when 6 is divided by f?
0
Suppose -r = r - 6. Suppose r*z + 2*c - 98 = 0, -4*z + 2*c + c + 142 = 0. What is the remainder when z is divided by ((-4)/(-1))/(6/27)?
16
Let h = -17 + 59. Let v = 80 - 54. Let l = h - v. What is the remainder when l is divided by 6?
4
Let a(r) = 2*r**3 + 2*r**2 + 5*r - 3. Let z be a(3). Suppose 0*c - 3*c = -z. Suppose u = 2*u - c. What is the remainder when u is divided by 10?
8
Let s = -24 - -46. Let u be (9 - 1)*4/16. Let i = s - u. Calculate the remainder when 58 is divided by i.
18
Let v(g) = g + 12. Let z(w) = w**2 + 7*w + 1. Let s be z(-5). Let j be v(s). Let d = j + 15. Calculate the remainder when 52 is divided by d.
16
Let c = 20 + -19. What is the remainder when 1 is divided by c?
0
Let c = 33 + -27. Let w = 16 + c. Calculate the remainder when w is divided by 12.
10
Suppose 5*a - 3*r + 157 = -0*r, -4*a - 125 = -3*r. Let t = a + 61. What is the remainder when 115 is divided by t?
28
Suppose -5*z - 4*c + 96 = -z, 2*c - 20 = -z. What is the remainder when 104 is divided by z?
20
Let v(u) be the first derivative of -2 + 11/2*u**2 - u. Calculate the remainder when 19 is divided by v(1).
9
Let u(l) = 4*l + 4*l - 4*l + 3*l. Suppose 3*x - 15 = z + 7, 5 = -5*z. What is the remainder when u(x) is divided by 17?
15
Calculate the remainder when ((-4)/6)/(2/3)*-1 is divided by 1.
0
Let j = 26 + 0. Let h = 53 - 38. What is the remainder when h is divided by 424/52 - 4/j?
7
Let q = 50 + -20. What is the remainder when q is divided by 8?
6
Suppose v - 5 = 1. Suppose 3*l = v*l. Let p = l + 12. Calculate the remainder when p is divided by 5.
2
Suppose -78 = -17*q + 211. Calculate the remainder when q is divided by 10.
7
Suppose 5*y = t - 2, 0 = -5*t - 3*y - 65 + 215. Suppose 4*h - t = -3. Suppose 64 = -0*g + 4*g. What is the remainder when g is divided by h?
4
Let l be (-4)/(-18) - 1664/36. What is the remainder when (4 + -1)*l/(-6) is divided by 12?
11
Let h = 53 + -17. Calculate the remainder when h is divided by 21.
15
Suppose -4*v = 3 - 75. Calculate the remainder when 52 is divided by v.
16
Let k be 0 + -1 + (-5)/1. Let y = 2 - k. Calculate the remainder when 30 is divided by y.
6
Suppose 3 - 2 = -m. Let k be 5*(-4)/30*-3. What is the remainder when 41*m/(-2)*k is divided by 14?
13
Suppose b - 1 - 3 = 0. Let q be b - ((-1 - 1) + 3). Suppose -q*h - 8 = 4*a - 30, -2*h = -5*a - 7. Calculate the remainder when 11 is divided by h.
5
Suppose -2 = -0*b + b. Let n = b + 6. Calculate the remainder when n is divided by 2.
0
Let g = -41 - -69. What is the remainder when 53 is divided by g?
25
Suppose 0 = -b - 8 + 21. Let p = -30 -